{"id":12,"date":"2018-12-28T12:07:41","date_gmt":"2018-12-28T11:07:41","guid":{"rendered":"https:\/\/www.utuf.ch\/?page_id=12"},"modified":"2025-10-26T20:16:12","modified_gmt":"2025-10-26T19:16:12","slug":"ueber-uns","status":"publish","type":"page","link":"https:\/\/www.utuf.ch\/?page_id=12","title":{"rendered":"\u00dcber uns"},"content":{"rendered":"<p>[et_pb_section fb_built=&#8220;1&#8243; fullwidth=&#8220;on&#8220; _builder_version=&#8220;3.19.1&#8243; background_color=&#8220;rgba(102,102,102,0.8)&#8220; background_image=&#8220;https:\/\/www.utuf.ch\/wp-content\/uploads\/2018\/12\/header.jpg&#8220; background_blend=&#8220;multiply&#8220; custom_padding=&#8220;80px||80px||true|false&#8220; global_module=&#8220;110&#8243; saved_tabs=&#8220;all&#8220;][et_pb_fullwidth_post_title meta=&#8220;off&#8220; featured_image=&#8220;off&#8220; _builder_version=&#8220;3.19.1&#8243; title_font=&#8220;Montserrat||||||||&#8220; title_text_color=&#8220;#ffffff&#8220; title_font_size=&#8220;48px&#8220; title_letter_spacing=&#8220;4px&#8220; text_orientation=&#8220;center&#8220; title_font_size_tablet=&#8220;&#8220; title_font_size_phone=&#8220;36px&#8220; title_font_size_last_edited=&#8220;on|phone&#8220; title_letter_spacing_tablet=&#8220;&#8220; title_letter_spacing_phone=&#8220;3px&#8220; title_letter_spacing_last_edited=&#8220;on|phone&#8220;][\/et_pb_fullwidth_post_title][\/et_pb_section][et_pb_section fb_built=&#8220;1&#8243; _builder_version=&#8220;3.22.3&#8243;][et_pb_row column_structure=&#8220;1_2,1_2&#8243; _builder_version=&#8220;3.25&#8243;][et_pb_column type=&#8220;1_2&#8243; _builder_version=&#8220;3.25&#8243; custom_padding=&#8220;|||&#8220; custom_padding__hover=&#8220;|||&#8220;][et_pb_text _builder_version=&#8220;3.27.4&#8243; text_font=&#8220;||||||||&#8220; header_font=&#8220;Montserrat|||||on|||&#8220;]<\/p>\n<h1>Una Terra &#8211; Una Familia<\/h1>\n<p>[\/et_pb_text][et_pb_divider divider_weight=&#8220;2px&#8220; _builder_version=&#8220;3.19.1&#8243; max_width=&#8220;30%&#8220; height=&#8220;0px&#8220;][\/et_pb_divider][et_pb_text _builder_version=&#8220;3.27.4&#8243;]<\/p>\n<p>Der lateinische Name UNA TERRA &#8211; UNA FAMILIA (kurz: UTUF) bedeutet auf Deutsch: Eine Welt &#8211; Eine Familie. Das Hilfswerk wurde 1995 von einem weitsichtigen und engagierten Pfarrer, Werner Franz Probst, bald einmal auch &#8222;Padre Francesco&#8220; genannt, mit einer Gruppe Interessierter als Verein mit Sitz in Frauenfeld\/Schweiz gegr\u00fcndet.<\/p>\n<p>[\/et_pb_text][et_pb_text _builder_version=&#8220;3.27.4&#8243; header_font=&#8220;Montserrat|||||on|||&#8220;]<\/p>\n<h1>Padre Francesco<\/h1>\n<p>[\/et_pb_text][et_pb_divider divider_weight=&#8220;2px&#8220; _builder_version=&#8220;3.19.1&#8243; max_width=&#8220;30%&#8220; height=&#8220;0px&#8220;][\/et_pb_divider][et_pb_text _builder_version=&#8220;3.27.4&#8243;]<\/p>\n<p>Padre Francesco geh\u00f6rte zu denen, der offene Augen hatte f\u00fcr das in unserer Welt allgegenw\u00e4rtige Elend. Er predigte nicht Wasser und trank selber Wein. Er war kein Theoretiker; sein Glaube dr\u00e4ngte ihn, sein Leben, seine Kraft, seine Empathie und sein Engagement denen zu widmen, die (wo auch immer in dieser Welt) arm, bed\u00fcrftig, hilflos und ohne Perspektiven sind. Bis zu seinem Tod im Jahre 2008 war er unerm\u00fcdlich als &#8222;Bettelpfarrer&#8220; in vielen Pfarreien der Schweiz unterwegs, um f\u00fcr die T\u00e4tigkeit &#8222;seines&#8220; Hilfswerkes die n\u00f6tigen Mittel zu beschaffen. Er geh\u00f6rte zu den Grossen, die im Stillen wirken.<\/p>\n<p>[\/et_pb_text][\/et_pb_column][et_pb_column type=&#8220;1_2&#8243; _builder_version=&#8220;3.25&#8243; custom_padding=&#8220;|||&#8220; custom_padding__hover=&#8220;|||&#8220;][et_pb_image src=&#8220;https:\/\/www.utuf.ch\/wp-content\/uploads\/2018\/12\/Padre_Francesco.jpg&#8220; align=&#8220;center&#8220; align_tablet=&#8220;center&#8220; align_phone=&#8220;&#8220; align_last_edited=&#8220;on|desktop&#8220; _builder_version=&#8220;3.23&#8243; custom_padding=&#8220;70px||&#8220;][\/et_pb_image][\/et_pb_column][\/et_pb_row][et_pb_row column_structure=&#8220;1_2,1_2&#8243; _builder_version=&#8220;3.25&#8243;][et_pb_column type=&#8220;1_2&#8243; _builder_version=&#8220;3.25&#8243; custom_padding=&#8220;|||&#8220; custom_padding__hover=&#8220;|||&#8220;][et_pb_image title_text=&#8220;Vorstand_UTUF&#8220; align_tablet=&#8220;center&#8220; align_phone=&#8220;&#8220; align_last_edited=&#8220;on|desktop&#8220; _builder_version=&#8220;4.5.3&#8243; hover_enabled=&#8220;0&#8243; src=&#8220;https:\/\/www.utuf.ch\/wp-content\/uploads\/2025\/10\/Vorstand_UTUF.jpg&#8220;][\/et_pb_image][\/et_pb_column][et_pb_column type=&#8220;1_2&#8243; _builder_version=&#8220;3.25&#8243; custom_padding=&#8220;|||&#8220; custom_padding__hover=&#8220;|||&#8220;][et_pb_text _builder_version=&#8220;3.27.4&#8243; header_font=&#8220;Montserrat|||||on|||&#8220;]<\/p>\n<h1>Das Hilfswerk und der Vorstand<\/h1>\n<p>[\/et_pb_text][et_pb_divider divider_weight=&#8220;2px&#8220; _builder_version=&#8220;3.19.1&#8243; max_width=&#8220;30%&#8220; height=&#8220;0px&#8220;][\/et_pb_divider][et_pb_text _builder_version=&#8220;3.27.4&#8243;]<\/p>\n<p>Ganz im Sinne und in der Nachfolge von Padre Francesco betrachtet der Verein UNA TERRA &#8211; UNA FAMILIA die Menschheit als eine Gemeinschaft f\u00fcreinander verantwortlicher Individuen. Aus bescheidenen Anf\u00e4ngen ist im Laufe der Jahre ein zwar kleines, aber wirkm\u00e4chtiges Hilfswerk entstanden. Auch heute f\u00fchlt sich das Werk den Zielen und Idealen des Gr\u00fcnders und des Gr\u00fcnderkreises verpflichtet. Eine fast famili\u00e4re Atmosph\u00e4re eint unseren Spenderkreis und die Verantwortlichen im Bestreben, Not zu lindern &#8211; wo immer diese auch ihr h\u00e4ssliches Gesicht zeigt. Damit \u00f6ffnen wir im Rahmen unserer M\u00f6glichkeiten Wege zu Gerechtigkeit und Perspektiven.<\/p>\n<p>[\/et_pb_text][et_pb_text _builder_version=&#8220;4.5.3&#8243;]<\/p>\n<p>Sitz von UNA TERRA \u2013 UNA FAMILIA ist Frauenfeld im Kanton Thurgau \/ Schweiz. Der Vorstand besteht gegenw\u00e4rtig aus\u00a0sechs ehrenamtlich arbeitenden Mitgliedern. Das Hilfswerk ist in den meisten deutschschweizer Kantonen als gemeinn\u00fctziger Verein anerkannt und deshalb steuerbefreit.<\/p>\n<p>[\/et_pb_text][et_pb_text _builder_version=&#8220;4.5.3&#8243; hover_enabled=&#8220;0&#8243;]<\/p>\n<p><strong>Der Vorstand:<\/strong><br \/>hinten von links:\u00a0Lisi Sp\u00f6rndli, Christoph Aeschbacher, Daniel R\u00e4ber, Tanja R\u00fctimann;<br \/>vorne von links: Roberto Alfar\u00e8, Pfarrer Urs Elsener<\/p>\n<p>[\/et_pb_text][\/et_pb_column][\/et_pb_row][et_pb_row column_structure=&#8220;3_4,1_4&#8243; _builder_version=&#8220;3.25&#8243; custom_padding=&#8220;0|0px|0|0px|false|false&#8220;][et_pb_column type=&#8220;3_4&#8243; _builder_version=&#8220;3.25&#8243; custom_padding=&#8220;|||&#8220; custom_padding__hover=&#8220;|||&#8220;][et_pb_text _builder_version=&#8220;3.27.4&#8243; header_font=&#8220;Montserrat|||||on|||&#8220; custom_padding=&#8220;50px||&#8220;]<\/p>\n<h1>Unser Logo<\/h1>\n<p>[\/et_pb_text][et_pb_divider divider_weight=&#8220;2px&#8220; _builder_version=&#8220;3.19.1&#8243; max_width=&#8220;30%&#8220; height=&#8220;0px&#8220;][\/et_pb_divider][et_pb_text _builder_version=&#8220;3.27.4&#8243;]<\/p>\n<p>Unser Logo veranschaulicht den Namen &#8222;Eine Welt &#8211; Eine Familie&#8220;: Vier Menschen verschiedener Hautfarben halten sich aneinander fest und umkreisen miteinander die Welt, die bewusst in der Farbe Gr\u00fcn, der Farbe der Hoffnung, dargestellt ist.<\/p>\n<p>[\/et_pb_text][\/et_pb_column][et_pb_column type=&#8220;1_4&#8243; _builder_version=&#8220;3.25&#8243; custom_padding=&#8220;|||&#8220; custom_padding__hover=&#8220;|||&#8220;][et_pb_image src=&#8220;https:\/\/www.utuf.ch\/wp-content\/uploads\/2018\/12\/logo.png&#8220; align_tablet=&#8220;center&#8220; align_phone=&#8220;&#8220; align_last_edited=&#8220;on|desktop&#8220; _builder_version=&#8220;3.23&#8243;][\/et_pb_image][\/et_pb_column][\/et_pb_row][et_pb_row column_structure=&#8220;1_4,3_4&#8243; _builder_version=&#8220;3.25&#8243;][et_pb_column type=&#8220;1_4&#8243; _builder_version=&#8220;3.25&#8243; custom_padding=&#8220;|||&#8220; custom_padding__hover=&#8220;|||&#8220;][et_pb_text _builder_version=&#8220;3.27.4&#8243; header_font=&#8220;Montserrat|||||on|||&#8220;]<\/p>\n<h1>Engagement<\/h1>\n<p>[\/et_pb_text][et_pb_divider divider_weight=&#8220;2px&#8220; _builder_version=&#8220;3.19.1&#8243; max_width=&#8220;30%&#8220; height=&#8220;0px&#8220;][\/et_pb_divider][et_pb_text _builder_version=&#8220;3.27.4&#8243;]<\/p>\n<p>Das Engagement von\u00a0 UNA TERRA &#8211; UNA FAMILIA ist christlich gepr\u00e4gt und orientiert sich an konfessions\u00fcbergreifenden gemeinsamen Werten wie N\u00e4chstenliebe, Barmherzigkeit und Hilfsbereitschaft. Unser Leitsatz &#8222;Dominus providebit&#8220; (Der Herr wird vorsorgen), der den Rand der Schweizer F\u00fcnffranken-M\u00fcnze ziert, ist Ausdruck unseres Vertrauens auf die Hilfe Gottes.<\/p>\n<p>[\/et_pb_text][\/et_pb_column][et_pb_column type=&#8220;3_4&#8243; _builder_version=&#8220;3.25&#8243; custom_padding=&#8220;|||&#8220; custom_padding__hover=&#8220;|||&#8220;][et_pb_text _builder_version=&#8220;3.27.4&#8243; header_font=&#8220;Montserrat|||||on|||&#8220;]<\/p>\n<h1>Projektarbeit<\/h1>\n<p>[\/et_pb_text][et_pb_divider divider_weight=&#8220;2px&#8220; _builder_version=&#8220;3.19.1&#8243; max_width=&#8220;30%&#8220; height=&#8220;0px&#8220;][\/et_pb_divider][et_pb_text _builder_version=&#8220;3.27.4&#8243;]<\/p>\n<p>Im Zentrum unserer Projektarbeit steht immer der Mensch. Wir sind davon \u00fcberzeugt, dass Hilfe zur Selbsthilfe der effizienteste Weg ist, um nachhaltig die Basis f\u00fcr eine gesicherte Existenz mit soliden Zukunftsperspektiven zu legen. Deshalb widmen wir uns ganz besonders der (Mit-)Finanzierung, Unterst\u00fctzung, F\u00f6rderung und Begleitung von humanit\u00e4ren Projekten (Massnahmen in den Bereichen Bildung und Gesundheit) auf den Philippinen, in Afrika (Tanzania, Nigeria) und in Mittel- und S\u00fcdamerika (vorwiegend Brasilien und Ecuador).<\/p>\n<p>Alle unsere Projekte werden auf der Basis enger Zusammenarbeit mit verl\u00e4sslichen lokalen Bezugspersonen eingehend gepr\u00fcft, ausgew\u00e4hlt, begleitet und durchgef\u00fchrt. Die stete pers\u00f6nliche Beziehung zu unseren Projektpartnern erachten wir als die wichtigste Grundlage einer erfolgreichen, nachhaltigen und auf gegenseitigem Vertrauen gegr\u00fcndeten Zusammenarbeit. Diese Arbeitsweise erfordert regelm\u00e4ssige Projektreisen in unsere Einsatzgebiete. Die gesamten Kosten f\u00fcr diese Projektreisen werden ausnahmslos von den ehrenamtlich arbeitenden Vorstandsmitgliedern selbst bezahlt &#8211; somit erreichen die eingehenden Spenden stets zu hundert Prozent ihr Ziel.<\/p>\n<p>[\/et_pb_text][et_pb_text _builder_version=&#8220;3.27.4&#8243;][\/et_pb_text][\/et_pb_column][\/et_pb_row][\/et_pb_section]<\/p>\n","protected":false},"excerpt":{"rendered":"<p>[et_pb_section fb_built=&#8220;1&#8243; fullwidth=&#8220;on&#8220; _builder_version=&#8220;3.19.1&#8243; background_color=&#8220;rgba(102,102,102,0.8)&#8220; background_image=&#8220;https:\/\/www.utuf.ch\/wp-content\/uploads\/2018\/12\/header.jpg&#8220; background_blend=&#8220;multiply&#8220; custom_padding=&#8220;80px||80px||true|false&#8220; global_module=&#8220;110&#8243; saved_tabs=&#8220;all&#8220;][et_pb_fullwidth_post_title meta=&#8220;off&#8220; featured_image=&#8220;off&#8220; _builder_version=&#8220;3.19.1&#8243; title_font=&#8220;Montserrat||||||||&#8220; title_text_color=&#8220;#ffffff&#8220; title_font_size=&#8220;48px&#8220; title_letter_spacing=&#8220;4px&#8220; text_orientation=&#8220;center&#8220; title_font_size_tablet=&#8220;&#8220; title_font_size_phone=&#8220;36px&#8220; title_font_size_last_edited=&#8220;on|phone&#8220; title_letter_spacing_tablet=&#8220;&#8220; title_letter_spacing_phone=&#8220;3px&#8220; title_letter_spacing_last_edited=&#8220;on|phone&#8220;][\/et_pb_fullwidth_post_title][\/et_pb_section][et_pb_section fb_built=&#8220;1&#8243; _builder_version=&#8220;3.22.3&#8243;][et_pb_row column_structure=&#8220;1_2,1_2&#8243; _builder_version=&#8220;3.25&#8243;][et_pb_column type=&#8220;1_2&#8243; _builder_version=&#8220;3.25&#8243; custom_padding=&#8220;|||&#8220; custom_padding__hover=&#8220;|||&#8220;][et_pb_text _builder_version=&#8220;3.27.4&#8243; text_font=&#8220;||||||||&#8220; header_font=&#8220;Montserrat|||||on|||&#8220;] Una Terra &#8211; Una Familia [\/et_pb_text][et_pb_divider divider_weight=&#8220;2px&#8220; _builder_version=&#8220;3.19.1&#8243; max_width=&#8220;30%&#8220; height=&#8220;0px&#8220;][\/et_pb_divider][et_pb_text _builder_version=&#8220;3.27.4&#8243;] Der lateinische Name UNA TERRA &#8211; UNA FAMILIA (kurz: [&hellip;]<\/p>\n","protected":false},"author":2,"featured_media":0,"parent":0,"menu_order":0,"comment_status":"closed","ping_status":"closed","template":"","meta":{"_et_pb_use_builder":"on","_et_pb_old_content":"<!-- wp:divi\/placeholder \/-->","_et_gb_content_width":""},"_links":{"self":[{"href":"https:\/\/www.utuf.ch\/index.php?rest_route=\/wp\/v2\/pages\/12"}],"collection":[{"href":"https:\/\/www.utuf.ch\/index.php?rest_route=\/wp\/v2\/pages"}],"about":[{"href":"https:\/\/www.utuf.ch\/index.php?rest_route=\/wp\/v2\/types\/page"}],"author":[{"embeddable":true,"href":"https:\/\/www.utuf.ch\/index.php?rest_route=\/wp\/v2\/users\/2"}],"replies":[{"embeddable":true,"href":"https:\/\/www.utuf.ch\/index.php?rest_route=%2Fwp%2Fv2%2Fcomments&post=12"}],"version-history":[{"count":50,"href":"https:\/\/www.utuf.ch\/index.php?rest_route=\/wp\/v2\/pages\/12\/revisions"}],"predecessor-version":[{"id":1039,"href":"https:\/\/www.utuf.ch\/index.php?rest_route=\/wp\/v2\/pages\/12\/revisions\/1039"}],"wp:attachment":[{"href":"https:\/\/www.utuf.ch\/index.php?rest_route=%2Fwp%2Fv2%2Fmedia&parent=12"}],"curies":[{"name":"wp","href":"https:\/\/api.w.org\/{rel}","templated":true}]}}